hen 948 is divided by 50?
48
What is the remainder when 366 is divided by 74?
70
What is the remainder when 93 is divided by 47?
46
Calculate the remainder when 274 is divided by 20.
14
Calculate the remainder when 963 is divided by 111.
75
Calculate the remainder when 107 is divided by 55.
52
Calculate the remainder when 149 is divided by 25.
24
Calculate the remainder when 1462 is divided by 236.
46
Calculate the remainder when 4723 is divided by 45.
43
What is the remainder when 97 is divided by 56?
41
Calculate the remainder when 541 is divided by 81.
55
What is the remainder when 123 is divided by 14?
11
What is the remainder when 404 is divided by 38?
24
What is the remainder when 336 is divided by 20?
16
What is the remainder when 389 is divided by 65?
64
What is the remainder when 487 is divided by 98?
95
What is the remainder when 284 is divided by 134?
16
What is the remainder when 6588 is divided by 549?
0
What is the remainder when 173 is divided by 35?
33
Calculate the remainder when 32 is divided by 21.
11
Calculate the remainder when 1063 is divided by 152.
151
What is the remainder when 161 is divided by 87?
74
Calculate the remainder when 202 is divided by 91.
20
Calculate the remainder when 378 is divided by 64.
58
What is the remainder when 113 is divided by 19?
18
What is the remainder when 19 is divided by 18?
1
Calculate the remainder when 173 is divided by 63.
47
Calculate the remainder when 223 is divided by 32.
31
What is the remainder when 23973 is divided by 72?
69
Calculate the remainder when 195 is divided by 43.
23
Calculate the remainder when 820 is divided by 388.
44
Calculate the remainder when 40 is divided by 11.
7
What is the remainder when 254 is divided by 131?
123
Calculate the remainder when 3358 is divided by 56.
54
Calculate the remainder when 4521 is divided by 29.
26
What is the remainder when 447 is divided by 113?
108
Calculate the remainder when 42 is divided by 35.
7
What is the remainder when 52 is divided by 30?
22
What is the remainder when 297 is divided by 55?
22
Calculate the remainder when 319 is divided by 154.
11
Calculate the remainder when 614 is divided by 57.
44
What is the remainder when 101 is divided by 8?
5
What is the remainder when 189 is divided by 48?
45
What is the remainder when 859 is divided by 14?
5
What is the remainder when 522 is divided by 25?
22
Calculate the remainder when 106 is divided by 42.
22
Calculate the remainder when 518 is divided by 4.
2
What is the remainder when 82 is divided by 17?
14
Calculate the remainder when 86 is divided by 45.
41
Calculate the remainder when 71 is divided by 13.
6
What is the remainder when 728 is divided by 73?
71
Calculate the remainder when 60 is divided by 10.
0
Calculate the remainder when 794 is divided by 52.
14
Calculate the remainder when 63 is divided by 8.
7
Calculate the remainder when 92 is divided by 24.
20
What is the remainder when 1087 is divided by 52?
47
What is the remainder when 427 is divided by 72?
67
What is the remainder when 1010 is divided by 64?
50
Calculate the remainder when 36 is divided by 21.
15
Calculate the remainder when 8051 is divided by 33.
32
Calculate the remainder when 114 is divided by 59.
55
What is the remainder when 883 is divided by 78?
25
Calculate the remainder when 164 is divided by 15.
14
Calculate the remainder when 1360 is divided by 19.
11
Calculate the remainder when 1621 is divided by 96.
85
Calculate the remainder when 544 is divided by 119.
68
What is the remainder when 86 is divided by 10?
6
Calculate the remainder when 2549 is divided by 847.
8
What is the remainder when 338 is divided by 5?
3
What is the remainder when 69 is divided by 21?
6
Calculate the remainder when 39 is divided by 24.
15
What is the remainder when 7557 is divided by 270?
267
Calculate the remainder when 1722 is divided by 15.
12
What is the remainder when 214 is divided by 54?
52
Calculate the remainder when 74 is divided by 46.
28
Calculate the remainder when 295 is divided by 5.
0
What is the remainder when 134 is divided by 28?
22
Calculate the remainder when 103 is divided by 44.
15
What is the remainder when 329 is divided by 30?
29
What is the remainder when 1142 is divided by 9?
8
What is the remainder when 17 is divided by 13?
4
What is the remainder when 52 is divided by 18?
16
Calculate the remainder when 294 is divided by 50.
44
What is the remainder when 441 is divided by 142?
15
What is the remainder when 98 is divided by 9?
8
Calculate the remainder when 342 is divided by 120.
102
Calculate the remainder when 88 is divided by 51.
37
Calculate the remainder when 254 is divided by 33.
23
Calculate the remainder when 1651 is divided by 511.
118
Calculate the remainder when 202 is divided by 41.
38
Calculate the remainder when 58 is divided by 45.
13
Calculate the remainder when 627 is divided by 37.
35
What is the remainder when 970 is divided by 81?
79
What is the remainder when 189 is divided by 106?
83
Calculate the remainder when 8903 is divided by 7.
6
What is the remainder when 15041 is divided by 2505?
11
What is the remainder when 195 is divided by 25?
20
What is the remainder when 467 is divided by 23?
7
What is the remainder when 56 is divided by 16?
8
What is the remainder when 3070 is divided by 128?
126
What is the remainder when 153 is divided by 14?
13
Calculate the remainder when 832 is divided by 300.
232
Calculate the remainder when 342 is divided by 7.
6
Calculate the remainder when 1134 is divided by 127.
118
Calculate the remainder when 137 is divided by 83.
54
Calculate the remainder when 77 is divided by 50.
27
What is the remainder when 88919 is divided by 390?
389
Calculate the remainder when 47 is divided by 25.
22
What is the remainder when 21102 is divided by 36?
6
Calculate the remainder when 238 is divided by 7.
0
What is the remainder when 1228 is divided by 6?
4
Calculate the remainder when 1464 is divided by 182.
8
What is the remainder when 444 is divided by 115?
99
Calculate the remainder when 280 is divided by 107.
66
What is the remainder when 1608 is divided by 804?
0
What is the remainder when 29720 is divided by 25?
20
What is the remainder when 32788 is divided by 271?
268
What is the remainder when 50 is divided by 15?
5
Calculate the remainder when 2403 is divided by 242.
225
Calculate the remainder when 1537 is divided by 305.
12
Calculate the remainder when 794 is divided by 16.
10
What is the remainder when 68 is divided by 33?
2
Calculate the remainder when 332 is divided by 70.
52
What is the remainder when 338 is divided by 21?
2
Calculate the remainder when 2160 is divided by 21.
18
What is the remainder when 337 is divided by 49?
43
Calculate the remainder when 7127 is divided by 9.
8
What is the remainder when 29 is divided by 2?
1
What is the remainder when 959 is divided by 15?
14
Calculate the remainder when 198 is divided by 91.
16
What is the remainder when 116 is divided by 14?
4
What is the remainder when 920 is divided by 114?
8
Calculate the remainder when 203 is divided by 54.
41
Calculate the remainder when 579 is divided by 116.
115
Calculate the remainder when 644 is divided by 38.
36
Calculate the remainder when 445 is divided by 32.
29
Calculate the remainder when 47 is divided by 34.
13
Calculate the remainder when 2776 is divided by 12.
4
What is the remainder when 2558 is divided by 13?
10
Calculate the remainder when 84 is divided by 23.
15
Calculate the remainder when 286 is divided by 147.
139
Calculate the remainder when 427 is divided by 48.
43
What is the remainder when 10047 is divided by 3347?
6
Calculate the remainder when 37 is divided by 7.
2
What is the remainder when 526 is divided by 31?
30
What is the remainder when 195 is divided by 68?
59
What is the remainder when 2386 is divided by 20?
6
What is the remainder when 102 is divided by 7?
4
What is the remainder when 88 is divided by 24?
16
Calculate the remainder when 435 is divided by 106.
11
What is the remainder when 3950 is divided by 67?
64
Calculate the remainder when 826 is divided by 2.
0
Calculate the remainder when 2974 is divided by 85.
84
Calculate the remainder when 30 is divided by 17.
13
What is the remainder when 280 is divided b